composite?
False
Is 42131 a composite number?
False
Is 6863 prime?
True
Is 163307 composite?
False
Is 30353 a composite number?
True
Is 5513 a composite number?
True
Is 797623 composite?
True
Is 8413 composite?
True
Is 9643 prime?
True
Is 800509 prime?
True
Is 457 a prime number?
True
Is 349579 composite?
False
Is 42061 a composite number?
False
Is 389 a composite number?
False
Is 2195147 a prime number?
True
Is 8813 a prime number?
False
Is 594703 a prime number?
False
Is 203429 composite?
False
Is 13909 a prime number?
False
Is 46993 prime?
True
Is 6817 composite?
True
Is 7286 a composite number?
True
Is 37397 a prime number?
True
Is 416491 a prime number?
True
Is 10427 prime?
True
Is 19451 composite?
True
Is 98755 composite?
True
Is 482231 prime?
True
Is 7627 prime?
False
Is 426211 a prime number?
True
Is 444043 composite?
False
Is 139391 a prime number?
False
Is 1041 a prime number?
False
Is 2934595 a composite number?
True
Is 161201 a composite number?
False
Is 15359 prime?
True
Is 545485 composite?
True
Is 76163 a prime number?
True
Is 1943 a prime number?
False
Is 130483 composite?
False
Is 34774 a prime number?
False
Is 11519 composite?
False
Is 541507 prime?
True
Is 419261 a prime number?
True
Is 50989 a composite number?
False
Is 1426454 a prime number?
False
Is 10559 a prime number?
True
Is 3103 a composite number?
True
Is 5407 prime?
True
Is 6287 a prime number?
True
Is 6113 a prime number?
True
Is 8887 prime?
True
Is 148309 a prime number?
False
Is 8513 prime?
True
Is 2845 prime?
False
Is 604673 composite?
True
Is 174043 prime?
False
Is 232261 a prime number?
False
Is 25063 prime?
False
Is 977 prime?
True
Is 26603 a composite number?
True
Is 95 a prime number?
False
Is 1017761 a composite number?
True
Is 34609 a prime number?
False
Is 540229 composite?
True
Is 32921 a prime number?
False
Is 297197 prime?
False
Is 28387 composite?
False
Is 52627 a prime number?
True
Is 4091 a prime number?
True
Is 677423 composite?
False
Is 7717 a prime number?
True
Is 16447 a prime number?
True
Is 3805 composite?
True
Is 120215 a prime number?
False
Is 59593 a composite number?
True
Is 21955 composite?
True
Is 102215 a composite number?
True
Is 1709 composite?
False
Is 2819 a composite number?
False
Is 2518 composite?
True
Is 433229 composite?
False
Is 1621 a composite number?
False
Is 31643 a composite number?
False
Is 266993 a composite number?
False
Is 39577 prime?
False
Is 7981 composite?
True
Is 96821 prime?
True
Is 3433 composite?
False
Is 1847 prime?
True
Is 6377 composite?
True
Is 314903 a composite number?
False
Is 14609 prime?
False
Is 3313 a composite number?
False
Is 5833 a composite number?
True
Is 112715 a composite number?
True
Is 192667 a prime number?
True
Is 2073 a prime number?
False
Is 259 a prime number?
False
Is 243769 a prime number?
True
Is 6913 a composite number?
True
Is 13067 composite?
True
Is 42989 a composite number?
False
Is 31259 a composite number?
False
Is 105297 a composite number?
True
Is 407269 a prime number?
False
Is 1538047 composite?
True
Is 21313 a prime number?
True
Is 292619 a prime number?
False
Is 896867 a composite number?
False
Is 337 a prime number?
True
Is 708641 a prime number?
True
Is 78229 prime?
True
Is 439961 a composite number?
False
Is 2251 prime?
True
Is 810941 prime?
True
Is 37043 a composite number?
True
Is 205063 prime?
True
Is 721267 prime?
True
Is 50671 prime?
True
Is 2707 a composite number?
False
Is 2872237 prime?
True
Is 57241 a composite number?
False
Is 146407 prime?
True
Is 98219 a prime number?
False
Is 5323 a composite number?
False
Is 145861 prime?
True
Is 514561 composite?
False
Is 13453 composite?
True
Is 128831 composite?
False
Is 7573 prime?
True
Is 16291 a prime number?
False
Is 38067 a prime number?
False
Is 14698 a prime number?
False
Is 19 a prime number?
True
Is 2047 prime?
False
Is 2042891 a prime number?
True
Is 704617 a prime number?
True
Is 1319 composite?
False
Is 136447 prime?
True
Is 151061 a prime number?
False
Is 80651 a composite number?
False
Is 6631 prime?
False
Is 1120786 a prime number?
False
Is 64267 a composite number?
True
Is 8039 composite?
False
Is 649217 a prime number?
True
Is 24439 a composite number?
False
Is 52663 a composite number?
True
Is 77317 prime?
True
Is 731 a composite number?
True
Is 3907 prime?
True
Is 2936049 a composite number?
True
Is 218123 a prime number?
False
Is 9293 a prime number?
True
Is 181157 a prime number?
True
Is 50983 composite?
True
Is 55849 a composite number?
False
Is 438673 prime?
False
Is 12229 a composite number?
True
Is 835811 a prime number?
True
Is 108073 composite?
True
Is 105481 a composite number?
True
Is 96149 a prime number?
True
Is 409 composite?
False
Is 3047 prime?
False
Is 314537 a prime number?
False
Is 5951 prime?
False
Is 589 a prime number?
False
Is 1320809 composite?
True
Is 102059 a composite number?
False
Is 91671 a composite number?
True
Is 3299 a composite number?
False
Is 1381145 a composite number?
True
Is 69191 prime?
True
Is 19999 composite?
True
Is 625447 composite?
True
Is 4373 prime?
True
Is 22973 a prime number?
True
Is 4153433 a composite number?
False
Is 2705 a composite number?
True
Is 35059 prime?
True
Is 3019 a composite number?
False
Is 888911 a prime number?
False
Is 188614 a prime number?
False
Is 7903 composite?
True
Is 694921 composite?
True
Is 11863 a composite number?
False
Is 7849 a prime number?
False
Is 30547 composite?
True
Is 20663 composite?
False
Is 25439 prime?
True
Is 2965 composite?
True
Is 16861 a composite number?
True
Is 353489 a composite number?
False
Is 77893 prime?
True
Is 142001 composite?
True
Is 15149 prime?
True
Is 122663 prime?
True
Is 28387 a composite number?
False
Is 29567 a prime number?
True
Is 3098 a prime number?
False
Is 19563 a composite number?
True
Is 3392179 a composite number?
True
Is 1968563 prime?
True
Is 7297 prime?
True
Is 11629 composite?
True
Is 122327 a composite number?
False
Is 9277 a composite number?
False
Is 3359 composite?
False
Is 2151511 a composite number?
False
Is 68659 composite?
False
Is 31163 a composite number?
True
Is 42991 a prime number?
False
Is 21635 a composite number?
True
Is 15653 composite?
True
Is 63659 a prime number?
True
Is 866309 prime?
True
Is 420899 a prime number?
True
Is 54751 a composite number?
False
Is 1073 a composite number?
True
Is 85297 a composite number?
False
Is 121267 a composite number?
False
Is 57427 prime?
True
Is 1709 a composite number?
False
Is 3907 a composite number?
False
Is 108343 prime?
True
Is 42767 a composite number?
False
Is 53489 a composite number?
True
Is 1367 a prime number?
True
Is 93593 a prime number?
False
Is 1142521 prime?
False
Is 132317 a prime number?
False
Is 505399 a prime number?
True
Is 6761 a prime number?
True
Is 31567 a composite number?
False
Is 399329 a prime number?
False
Is 1343993 composite?
True
Is 870923 a prime number?
False
Is 887 a prime number?
True
Is 163537 a composite number?
True
Is 12149 composite?
False
Is 3947 a composite number?
False
Is 11113 composite?
False
Is 92111 composite?
False
Is 317237 prime?
False
Is 17693 a composite number?
True
Is 170341 a composite number?
False
Is 5669 composite?
False
Is 7737 composite?
True
Is 8266 a prime number?
False
Is 11089 a composite number?
True
Is 19997 a composite number?
False
Is 3635 a prime number?
False
Is 80107 composite?
False
Is 195095 composite?
True
Is 19457 a composite number?
False
Is 585839 prime?
True
Is 126249 prime?
False
Is 92305 a prime number?
False
Is 16565 prime?
False
Is 109403 prime?
False
Is 5354 prime?
False
Is 90169 a prime number?
False
Is 7451 a prime number?
True
Is 80263 composite?
False
Is 11027 composite?
False
Is 13963 a prime number?
True
Is 6673 a composite number?
False
Is 529069 a prime number?
False
Is 33897 prime?
False
Is 17671 composite?
True
Is 723187 composite?
True
Is 130079 composite?
False
Is 1923 a prime number?
False
Is 13042 a prime number?
False
Is 1067 a composite number?
True
Is 134581 a composite number?
False
Is 1050711 a composite number?
True
Is 524243 a composite number?
False
Is 449537 composite?
True
Is 1241869 a composite number?
False
Is 106427 a composite number?
False
Is 2058541 composite?
False
Is 68881 a prime number?
True
I